base 4, what is -3 + -21120?
-21123
In base 15, what is 1b - -3?
1e
In base 9, what is 462 - 3?
458
In base 14, what is a - 2d8?
-2cc
In base 9, what is 122 + 2?
124
In base 9, what is 3 - 376?
-373
In base 8, what is 75 - -2?
77
In base 5, what is -1 + -234?
-240
In base 9, what is -10165 + 5?
-10160
In base 4, what is -222300 - 2?
-222302
In base 15, what is -5 - -a8?
a3
In base 8, what is 5 + 6?
13
In base 2, what is 0 - -11100011?
11100011
In base 13, what is -5 - 203?
-208
In base 4, what is 13 - -133?
212
In base 10, what is -18 + 292?
274
In base 2, what is -1100001100 - -10?
-1100001010
In base 4, what is 31 + 2?
33
In base 7, what is -15 + -3?
-21
In base 2, what is -11010 + -11111000?
-100010010
In base 8, what is 65 - 5?
60
In base 12, what is 10 - 17?
-7
In base 11, what is -3 - -171?
169
In base 5, what is 133 - -44?
232
In base 10, what is -21 - 1?
-22
In base 6, what is 5 - -10?
15
In base 10, what is -354 - 8?
-362
In base 4, what is -2 - -12020?
12012
In base 12, what is -2 + -1b?
-21
In base 2, what is -101011010001 - -100?
-101011001101
In base 10, what is -98 + -2?
-100
In base 16, what is 4 + 41?
45
In base 13, what is 74 + -32?
42
In base 3, what is -12 + 212012?
212000
In base 5, what is 3 + -130?
-122
In base 11, what is -24 + 21?
-3
In base 12, what is 2a3 - -15?
2b8
In base 14, what is 5 - 4d?
-48
In base 4, what is 210323 - -1?
210330
In base 13, what is -2 + 1a?
18
In base 2, what is 11 + 111010111?
111011010
In base 15, what is -43 + -12?
-55
In base 15, what is 2 + 31d?
320
In base 2, what is -10 + 1001100?
1001010
In base 6, what is 32 - -335?
411
In base 15, what is -1 - 1e9?
-1ea
In base 15, what is -109 - -4?
-105
In base 4, what is 3 + -111211?
-111202
In base 10, what is 0 + 157?
157
In base 13, what is -3 + -1b7?
-1ba
In base 13, what is 2 + -1a?
-18
In base 8, what is 16 + -1251?
-1233
In base 11, what is -3a - -1?
-39
In base 6, what is -4551 + 3?
-4544
In base 6, what is -1435 + -2?
-1441
In base 11, what is -4035 + -3?
-4038
In base 2, what is 101 - 11110111011?
-11110110110
In base 11, what is -a - 4?
-13
In base 5, what is -3 + -4314?
-4322
In base 6, what is 2141 - 20?
2121
In base 12, what is 155 + 1?
156
In base 4, what is -100 - -101?
1
In base 8, what is 1 + -102?
-101
In base 10, what is 0 + -8?
-8
In base 12, what is -2 + -11?
-13
In base 3, what is 12 + -10222201?
-10222112
In base 3, what is 200 - 110?
20
In base 14, what is -1 + 44?
43
In base 9, what is -638 - -2?
-636
In base 6, what is -31422 + 0?
-31422
In base 12, what is -72 + 10a?
58
In base 6, what is 44 - 30?
14
In base 9, what is 7 - 2154?
-2146
In base 13, what is -3a - -80?
43
In base 16, what is 0 - -198?
198
In base 12, what is 3 + 39a?
3a1
In base 8, what is -12 + 411?
377
In base 5, what is 4122 + -1?
4121
In base 2, what is -1 - -100101110?
100101101
In base 9, what is 1 + -53?
-52
In base 9, what is -2 + -6060?
-6062
In base 5, what is 4 + -314?
-310
In base 3, what is -11 + 221020?
221002
In base 16, what is 2 + -d4?
-d2
In base 11, what is 34 + 104?
138
In base 2, what is 0 + 110111100100?
110111100100
In base 16, what is e - 1d?
-f
In base 7, what is 30 - -20?
50
In base 14, what is 51 + -6?
49
In base 6, what is -2 + 1513?
1511
In base 3, what is 1222 - -1?
2000
In base 12, what is -a1 + -9?
-aa
In base 9, what is 125 - -1?
126
In base 13, what is -8 + 11?
6
In base 8, what is -5 - 144?
-151
In base 5, what is -31 - -22?
-4
In base 9, what is 8 + -37?
-28
In base 4, what is -10111012 - -1?
-10111011
In base 9, what is -4 + -161?
-165
In base 5, what is 2220 + 131?
2401
In base 7, what is -636 - 4?
-643
In base 12, what is 19 - -14?
31
In base 3, what is 201 + 210?
1111
In base 15, what is -3 + -13?
-16
In base 9, what is -2007 + -3?
-2011
In base 5, what is 2420 + 2?
2422
In base 13, what is 6 - -19c?
1a5
In base 16, what is 1 - 99?
-98
In base 15, what is -12 + c?
-5
In base 13, what is 3 + -25c?
-259
In base 2, what is 1101100000 + 1?
1101100001
In base 13, what is -30 + 4a?
1a
In base 16, what is 4f6 + -2?
4f4
In base 4, what is -1 - -33?
32
In base 3, what is 222 + -122020?
-121021
In base 15, what is -a - 24?
-2e
In base 9, what is -3 + -5402?
-5405
In base 7, what is 2 + 2123?
2125
In base 16, what is -d + 15?
8
In base 5, what is -14 - -242?
223
In base 6, what is -21 + 153?
132
In base 16, what is 1252 - 2?
1250
In base 2, what is 11110 + 0?
11110
In base 8, what is -116 + 136?
20
In base 8, what is 4 + -172?
-166
In base 5, what is 231 + -34?
142
In base 6, what is -41 + -1?
-42
In base 10, what is -4709 + 4?
-4705
In base 5, what is 34 + -13?
21
In base 4, what is -33100 - 11?
-33111
In base 13, what is 804 - -5?
809
In base 13, what is -1 - 14?
-15
In base 8, what is -4053 - 0?
-4053
In base 15, what is -212 + -3?
-215
In base 6, what is -10033 - -32?
-10001
In base 7, what is -52 + -315?
-400
In base 14, what is 0 - -a8?
a8
In base 11, what is -44 - 3?
-47
In base 13, what is 4 + -20?
-19
In base 16, what is d7 - 2?
d5
In base 4, what is -11 + 2121?
2110
In base 10, what is -7 - -2771?
2764
In base 8, what is -7 - 1?
-10
In base 11, what is -3 + 3a0?
398
In base 13, what is -71 - 1?
-72
In base 14, what is 3cd1 - -1?
3cd2
In base 12, what is -6 - -2?
-4
In base 11, what is -98 + -8?
-a5
In base 5, what is 10434 + 2?
10441
In base 7, what is 103 + -22?
51
In base 10, what is 4 - -47?
51
In base 2, what is 11 + 111110?
1000001
In base 14, what is -976 + 0?
-976
In base 12, what is 0 + 0?
0
In base 4, what is -10 + 3203?
3133
In base 13, what is -8 - -14?
9
In base 8, what is 37 - 5?
32
In base 9, what is 20 - -6?
26
In base 15, what is -a3 + 5?
-9d
In base 11, what is -1389 + 5?
-1384
In base 16, what is -2176 - 0?
-2176
In base 10, what is -6 + 710?
704
In base 12, what is 44 - -5?
49
In base 5, what is -34114 - -4?
-34110
In base 4, what is -1331 - 0?
-1331
In base 14, what is 4 - 24?
-20
In base 2, what is 101 - 1010111011?
-1010110110
In base 12, what is -4 - -3b7?
3b3
In base 6, what is -4 - 35?
-43
In base 11, what is 7a15 - 4?
7a11
In base 11, what is 6 - 11?
-6
In base 14, what is d + -1c?
-d
In base 14, what is -d94 - -5?
-d8d
In base 11, what is 2 + -1061?
-105a
In base 4, what is 12 - 23?
-11
In base 3, what is 10221002 + -1?
10221001
In base 8, what is -335 - 1?
-336
In base 6, what is 4525 - -5?
4534
In base 10, what is -409 - -3?
-406
In base 16, what is 2 - 34?
-32
In base 6, what is 101 - 1?
100
In base 16, what is 30 + -5?
2b
In base 13, what is 307 - -2?
309
In base 9, what is -1 + 71?
70
In base 15, what is -e8 + -2?
-ea
In base 8, what is -11 + -6?
-17
In base 2, what is -11010110 - -1110?
-11001000
In base 16, what is 0 + -72?
-72
In base 10, what is 25 - -463?
488
In base 2, what is 1110 - -1111001010?
1111011000
In base 15, what is -8 + 54?
4b
In base 12, what is -42b + 4?
-427
In base 6, what is 1 + 125?
130
In base 16, what is 0 - -99?
99
In base 5, what is 4 - -30000?
30004
In base 13, what is -7 + -65c?
-666
In base 13, what is -107 - 36?
-140
In base 3, what is 12 - -1221?
2010
In base 7, what is 1563 - -1?
1564
In base 13, what is -14 + -4?
-18
In base 4, what is -10111 + -211?
-10322
In base 15, what is 1b + 5?
21
In base 11, what is 33362 + -2?
33360
In base 4, what is -1001 + 310?
-31
In base 13, what is 61 + 4?
65
In base 11, what is -6 + 286a?
2864
In base 6, what is -222 + -145?
-411
In base 8, what is -27 + 103?
54
In base 15, what is -18 - 183?
-19b
In base 13, what is -2 - 43?
-45
In base 15, what is 5 - 164?
-15e
In base 6, what is -4131 - 15?
-4150
In base 16, what is 1 + -39?
-38
In base 6, what is -12 - 145?
-201
In base 15, what is 63 - -2?
65
In base 9, what is 5 - -337?
343
In base 12, what is 0 - -54?
54
In base 9, what is 1020 + -2?
1017
In base 16, what is -3 + -63?
-66
In base 5, what is 233 + -31?
202
In base 3, what is 100 - -211?
1011
In base 10, what is -364 - -2?
-362
In base 7, what is 12 + 44?
56
In base 6, what is -40 + 3?
-33
In base 5, what is -21 + 140?
114
In base 10, what is -155 + 10?
-145
In base 7, what is -61 + 10?
-51
In base 9, what is -866 - 2?
-868
In base 16, what is -3 - -4e4?
4e1
In base 6, what is -21 + 41?
20
In base 6, what is -24200 - 1?
-24201
In base 4, what is 3213 - 1?
3212
In base 3, what is 21002000 - -1?
21002001
In base 1